5*h = -5*t + 3*h + 2. Suppose -t*z + 64 = -42. Is z prime?
True
Suppose -3*r = -s + 15759, 3*r + 2*s - 4700 + 20450 = 0. Let o = r + 7747. Is o composite?
True
Suppose -3*z = -4*z - 356. Let p be z/6 + (-12)/18. Let u = p + 95. Is u prime?
False
Let k(b) = 7*b**2 + 2*b + 2. Suppose -11 = -g - 0*g. Let d(o) = o - 6. Let y be d(g). Is k(y) prime?
False
Let z be (-15735)/(-12) + (-4)/16. Let y = z + -514. Is y a prime number?
True
Let j be (-363)/1 - 0 - -3. Let a = 39 + -28. Let f = a - j. Is f a composite number?
True
Is ((-2)/((-4)/(-3)))/((-30)/652940) composite?
False
Suppose 0*x + 2*x = 4. Suppose x*l - 5*t + 5 = 0, -6*l - 5*t = -4*l - 25. Suppose -600 = -3*j - l*f, -379 = -5*j + 2*f + 652. Is j a prime number?
False
Let n(s) = -s - 3. Let r be n(-5). Suppose 0*i - r*i + 422 = 0. Is i composite?
False
Suppose 7*j = -5*h + 2*j - 10, -2*h = -4*j - 20. Let l be 1 - -1*(h + 1). Let m(v) = 3*v**2 + 4*v - 5. Is m(l) composite?
False
Let i be (4 - 1 - 1)*-4. Let v(f) = -12*f + 13. Is v(i) a prime number?
True
Let k be (0 - -3 - 3) + 0. Let y be k*(-1 - 12/(-8)). Let b(l) = -l + 9. Is b(y) composite?
True
Suppose -24 = -y - 8. Is 540/y + (-2)/(-8) composite?
True
Let f be (-16 - -4)/6 - 112. Let p = f - -572. Is p a prime number?
False
Suppose -3*n + 4*m = -14, 3*n - 7*n - m = 13. Let g(h) be the first derivative of -37*h**4/4 + h**3/3 + h**2 - h + 2. Is g(n) a composite number?
True
Suppose 4*a - 51213 = -5*m, 5*m + 51549 = 5*a - 12411. Is a a composite number?
True
Let a = 30 + -42. Let i(q) = -17*q - 11. Let v(x) = -24*x - 17. Let y(b) = -7*i(b) + 5*v(b). Is y(a) composite?
True
Is 36/(-66) + (-8763)/(-33) a composite number?
True
Let q(m) = 10*m + 11. Let o be q(-8). Let t = o + 184. Is t a prime number?
False
Suppose 5*s - 8 = -3. Is 1 - s - (-32 + 1) a composite number?
False
Suppose 31*i = 2*u + 34*i - 9862, 2*u - 3*i = 9874. Is u prime?
False
Suppose 0 = -0*g + 17*g - 9605. Is g composite?
True
Suppose 0 = -8*k - 24612 + 104084. Is k a prime number?
False
Let a(h) be the first derivative of 4*h**3 - 13*h**2/2 + 8*h - 15. Is a(9) a prime number?
True
Let j = 4799 + -2596. Is j prime?
True
Suppose 39*h - 23*h = 24208. Is h a composite number?
True
Let a be -1 + (103 - 0) - 2. Suppose 3*k = -k + a. Suppose -21*z - 268 = -k*z. Is z composite?
False
Suppose -2*c + 68727 = 5*w, 0 = 3*w + 3*c - 6*c - 41253. Is w composite?
True
Let b be 41*3*(-128)/(-24). Suppose 7*s + b = 1797. Is s a composite number?
False
Let y = -896 - -2366. Let x be 2/4 - y/(-4). Suppose z = -3*k + x, 4*k - 369 = -0*z - z. Is z prime?
False
Let w = -10283 + 19249. Is 28/49 - w/(-14) prime?
True
Suppose 0 = 4*f - 0*f + 5*h - 1451, -364 = -f - h. Let d = f - 104. Is d a prime number?
False
Let m(g) = -g**2 + 4*g - 1. Let r be m(5). Is 1415/10 + (-9)/r a composite number?
True
Suppose -32 - 38 = -2*k. Suppose -3*a - j + 86 = 0, 0*a + j = -a + 32. Let y = a + k. Is y composite?
True
Let b(r) = 8*r**2 + 3*r - 3. Suppose -3*t - 4*w = -74, -5*w - 9 = 3*t - 88. Let c = -22 + t. Is b(c) prime?
True
Suppose k - 5*i = 7281, 10*k + 5*i = 13*k - 21803. Is k a prime number?
False
Let j = 7351 + -2702. Is j composite?
False
Let f = -3 - -5. Let a be (-9 + -1)*(-110)/4. Suppose -f*m + a + 343 = 0. Is m a composite number?
True
Let k be 3 + -1 - (-10)/(-2). Let g be ((-190)/40 - -9) + 2/(-8). Let x = g - k. Is x composite?
False
Suppose 29144 = 9*l + 137. Is l a composite number?
True
Let n(u) = 14*u**2 + 10*u - 11 - 6*u**2 + 3 + u**3. Let q be 2*(5/2 - (6 + -7)). Is n(q) a prime number?
True
Let w be ((-1)/(4/26))/(7/1274). Let s = 1970 + w. Is s a prime number?
True
Let d(w) = 574*w - 145. Is d(6) a prime number?
True
Let k be (1/3)/(18/810). Suppose 2*v - i + 5*i = -14, 3*i = -k. Is ((-488)/(-12) - 0)*v prime?
False
Let f(p) = 2*p**2 - 22*p + 2. Let q be f(11). Suppose 5*t = 4*j + 10511, 6*t - 8380 = q*t - 4*j. Is t composite?
False
Let f = 195013 - 135662. Is f a prime number?
True
Suppose 2*h - 94 = -5*f - 38, -h = -f + 14. Let s be 3/f - (-4583)/4. Is (-1)/3 + s/9 composite?
False
Let w(z) = -151*z + 3. Let c = 27 - 35. Is w(c) a composite number?
True
Let j = -350 - -136. Let f = -108 - j. Suppose -8*y = -6*y - f. Is y a composite number?
False
Suppose -v - 65116 = -4*j, 20*j = 19*j + 4*v + 16279. Is j prime?
False
Suppose -3*m - 4*k = -26393, 3*m - k - 12772 - 13641 = 0. Is m composite?
False
Let b be -1*(-2 + -3 + -92). Let j(t) = -463*t + 1. Let r be j(-1). Suppose r = 3*w - b. Is w composite?
True
Suppose 36*u + 5*z + 63451 = 40*u, z = -3*u + 47574. Is u prime?
True
Suppose -2*c = -2*w + 78, -2*c = -5*w + 151 + 47. Is 2/(-5) + 93336/w a composite number?
False
Suppose -3*m - 2*c + 7821 = 0, 18*m + 5212 = 20*m + 2*c. Is m prime?
True
Is 60/(-14) + 4 + 43119/21 a prime number?
True
Suppose 13*l - l = -22140. Let x = 2306 - l. Is x a composite number?
True
Is -4*2/28 + 490725/63 a prime number?
True
Let x = -1 + 3. Let r be (-28 - x) + (1 - 4). Let n = 55 + r. Is n a composite number?
True
Let k(u) = 9*u**2 + 6*u - 41. Is k(-18) composite?
False
Suppose -534 = -r + 5*b + 943, b = r - 1461. Is r composite?
True
Let y = -8 + 12. Suppose 5*l - l + y = 0. Is (-79)/(l/1 - 0) prime?
True
Is 9538 - 8/((-16)/(-10)) composite?
False
Suppose -l = 5*z + 6209, -4*l - 11 - 5 = 0. Is z/(-11) + (-8)/(-44) a prime number?
True
Let x = -8 - -10. Let p be 11 + -5 + x + -5. Suppose 4*w + p*m = 1512, -4*m = 3*w - 2*m - 1135. Is w a prime number?
False
Suppose j - 35 = -5*p - 4*j, 4*p = 4*j + 4. Suppose 0 = 7*l - p*l. Let d(n) = n**2 - 2*n + 713. Is d(l) a composite number?
True
Let p(j) = -7*j**2 - 2*j - 10. Let o be p(-7). Let x = -242 - o. Is x a composite number?
False
Suppose 17 = 6*c - 13. Suppose -1487 = -4*s - c*p, 4*p = -2*s - 0*p + 742. Is s composite?
False
Suppose 0 = 2*s + 4*q - 4440, -2*q + 3*q = 4*s - 8871. Suppose 5*v - s + 628 = -p, 2*v - 2*p = 648. Is v composite?
True
Suppose 2*j = u + 2723, 3*j = -u + 4919 - 837. Is j prime?
True
Is 32/160 - (-21004)/5 a composite number?
False
Let x = 3905 - 842. Is x prime?
False
Let k be -3 - 2*659/(-2). Let b = -240 + k. Suppose 49 = 3*t - b. Is t a composite number?
True
Let w(o) = 2*o**3 - 4*o**2 + 2*o. Let n be w(2). Is ((-1)/n)/((-7)/36932) prime?
True
Let r(q) = q**2 + 2*q - 6. Let j be r(2). Is 3703/63 + j/9 a prime number?
True
Let g = 3251 - 1534. Is g a composite number?
True
Suppose 23*a - 7385 - 1976 = 0. Is a prime?
False
Let w = 13 + 149. Suppose -2*u = -w - 344. Is u a prime number?
False
Suppose -7*u + 5244 = -75473. Is u a composite number?
True
Let x = 1082 + -700. Suppose o - 3*o + 2*s = -382, 2*o - x = s. Is o a composite number?
False
Let x = 5 - 0. Suppose x*i - 1121 = 509. Is i a composite number?
True
Suppose 10 = -5*u - 5*d - 0, 0 = -3*d. Is 2*(u + 3) - -589 a prime number?
False
Is 9661*(80/8 + -9) a prime number?
True
Let a = -910 + 2913. Is a prime?
True
Let t(l) = l**3 - 40*l**2 + 125*l + 33. Is t(37) composite?
True
Let l(p) = 26*p**3 - 4*p**2 + 6*p + 17. Is l(8) composite?
False
Suppose -4*h + b = -236659, -6*b = -3*h - 9*b + 177498. Is h prime?
False
Suppose 4*h - 471 = 1745. Is h composite?
True
Suppose 0 = 5*w + 10 + 5. Let k(h) = -369*h + 10. Is k(w) prime?
True
Let f(c) = -c**2 + c - 10. Let q be f(0). Let t be (10/4)/(94/(-12) + 8). Is (q/t)/((-2)/381) a composite number?
False
Let y = -58 + -65. Let g be (4 - 1)/(-3)*y. Let u = g - 74. Is u a composite number?
True
Let a be (-3)/(-9) + (40/(-3))/(-5). Suppose 0 = a*l, 5*l + 4 = -4*i + 1232. Is i prime?
True
Suppose 9*q - 40952 + 2333 = 0. Is q composite?
True
Suppose -3*r + 0*r - 9 = 2*d, -2*d = -2*r - 6. Suppose 4*z - 15*z + 143 = d. Is z a prime number?
True
Is (-2 + 14/21)*(-24861)/4 prime?
True
Let j(g) = 28*g**2 - g - 15. Is j(-4) prime?
False
Suppose 212 = -5*y + y. Suppose 5*s = -500 - 490. Let t = y - s. Is t a composite number?
True
Let j(m) be the second derivative of m**4/12 - 7*m**3/6 + 15*m**2/2 + 5*m. Let t be j(7). Is (t/6)/((-2)/(-68)) a prime number?
False
Let c(i) be the first derivative of 74*i**3/3 - 2*i**2 + 3*i + 1. Let n(w) = -w**2 - 1. Let s(v) = c(v) + n(v). Is s(-3) a composite number?
True
Let s(q) be the first derivative of -62*q**2 - 9*q - 12. Is s(-4) composite?
False
Suppose 2*c = -4*x + 86, -2*c - 4*x = 2*c - 176. Suppose -